 697. What are the prime factors of y?
2, 1759
Let n(a) = 3*a**3 + 239*a**2 - 124*a - 424. What are the prime factors of n(-80)?
2, 3, 43
Let h(w) be the third derivative of w**5/60 + 7*w**4/6 + 144*w**3 - w**2 + 39. What are the prime factors of h(0)?
2, 3
Let c = 875 - -769. Suppose -c = -15*t + 3096. What are the prime factors of t?
2, 79
Suppose -5*u - 27*h = -26*h + 7, 2*u + 6 = -2*h. Let z = 3 + -4. List the prime factors of -113*(2 + u)/z.
113
Suppose 20 - 4 = 8*r. Let z be (-39)/(-15) + r/5. Suppose s - 2*v = 8 + 67, z*s - 231 = 4*v. What are the prime factors of s?
3
Let f(y) = 2*y**3 + y**2 - 3*y + 6. Let w be f(-3). Let i be (-5 - w)/5 + 1. Suppose 5*j = 2*p - 306, 3*j = i*p - 4*p - 306. What are the prime factors of p?
3, 17
Let t = -257 - -381. Let l = 103 + t. Suppose 12*n - l - 709 = 0. List the prime factors of n.
2, 3, 13
Suppose -30*o - 22084 = -4*o - 171246. What are the prime factors of o?
5737
Let w(n) = 1789*n**2 + 247*n + 61. List the prime factors of w(-4).
27697
Let t(j) = -53*j - 19. Let p = 3 + 7. Let a(b) = -b**3 + 10*b**2 - b + 6. Let d be a(p). What are the prime factors of t(d)?
193
Suppose -3 - 29 = -8*j. Suppose 18 = -j*v - 62. What are the prime factors of (-5)/(-2)*((-132)/v + -1)?
2, 7
Let w be (-6)/2 + 203 + (2 - 0). Suppose 6*g = -23 + 5. List the prime factors of w + (-10)/15*g.
2, 3, 17
Suppose 209880 = -357*q + 369*q. List the prime factors of q.
2, 3, 5, 11, 53
Let y = 27030 - 21120. What are the prime factors of y?
2, 3, 5, 197
What are the prime factors of (-8908 - 364/14)/((-3)/5)?
2, 5, 1489
Let l(u) = -5*u**3 - u + 12 - 2*u**2 - 1 + 1 - 16. Suppose -3*x - 21 = 3*y, 2*y - 4*x + 3*x = -2. What are the prime factors of l(y)?
2, 29
Let n be 99/(-66)*(-478)/3. Suppose 3*w + 15 = 0, 3*w + n = 2*y - y. List the prime factors of y.
2, 7
Suppose 0 = -1412*q + 1180*q + 13342552. List the prime factors of q.
17, 199
Let x(t) = -5*t + 42. Let n be x(12). What are the prime factors of -2 + n/3 + 662?
2, 3, 109
Let w = -200 + 80. Let c = 502 + w. What are the prime factors of c?
2, 191
Suppose -26459*g = -26454*g - 59585. What are the prime factors of g?
17, 701
Let u = 256270 + -167170. What are the prime factors of u?
2, 3, 5, 11
Let n(g) = 17*g + 8. Suppose 5*s + 15 = 5*t, -6*t = -3*t - 5*s - 3. Suppose 0 = -3*k + 2*k + t. What are the prime factors of n(k)?
2, 5, 11
Suppose -2*d = -c - 25, 5*d + 7 = -5*c + 92. Let b(a) = -a**2 + 35*a - 62. What are the prime factors of b(d)?
2, 29
Let q(g) = -g**3 - 52*g**2 + 15*g - 97. List the prime factors of q(-54).
5, 197
Let s(q) = -q - 6. Let v be s(-7). Let u(z) = -8*z + 44. Let f be u(6). What are the prime factors of (3 + f)*v + 18?
17
List the prime factors of 8512 + (-56)/(-8) - (12 - 6).
8513
Let f be (-48)/20 + 2 - (-186)/15. Suppose -2324 = -f*u - 2*u. List the prime factors of u.
2, 83
Let v be (-4)/(-18) - -3*(-204)/(-162). Let b be 3 + (-3 + 2 - (17 - v)). List the prime factors of (355 - b)*2/4.
3, 61
Suppose 3*x - 7503 = 5*b, -5*x + 2*b + 12605 - 81 = 0. What are the prime factors of x?
2, 7, 179
Let v(y) = -23*y**3 + 41*y**2 + 255*y + 2. List the prime factors of v(-6).
2, 1229
Suppose -5*i - 15 = 0, -5*f - 23*i + 20*i + 27406 = 0. List the prime factors of f.
5483
Let o = 180 - 148. Suppose -3*f - 31*l + 1540 = -o*l, -5*l = 5*f - 2560. List the prime factors of f.
3, 19
Suppose 0 = 5*j + 3*m - 64374, 5*j - 7*m - 64386 = -4*m. What are the prime factors of j?
2, 3, 29, 37
Suppose -1468 = -16*v + 1572. Let c = v - 479. Let a = c - -527. List the prime factors of a.
2, 7, 17
Suppose 3*z - 5*m = 6 + 52, -3*z - 5*m + 38 = 0. Let s be (-5 - z)/((-4)/8). Suppose d - 2*d + s = 0. List the prime factors of d.
2, 3, 7
Let g = 183 - 195. What are the prime factors of (12204/(-90))/(g/40)?
2, 113
Suppose -3 = -2*v + v, 2*v = 5*r + 16. Let m be (4/(-3))/(r/300). Suppose -m + 17 = -3*d. List the prime factors of d.
61
Suppose 0 = -l - 2, 730*o - 729*o - 30178 = -l. List the prime factors of o.
2, 3, 5, 503
Suppose -2*u - 8*u = 13*u - 198467. List the prime factors of u.
8629
Suppose 172*q = 10090489 + 202163. List the prime factors of q.
3, 61, 109
Let g be (3 + 4 - 8) + 8. Suppose -17*s + g*s + 10910 = 0. List the prime factors of s.
1091
Let z be -74*(45/18)/(-5). Suppose -8925 = -5*f + 5*g, 4*f + 39*g = z*g + 7158. List the prime factors of f.
2, 3, 149
Let a = -4239 + 1332. Let x = a + 4106. What are the prime factors of x?
11, 109
Suppose -q + 17*k + 5698 = 13*k, -4*q + 22753 = -3*k. List the prime factors of q.
2, 2843
Suppose -10*r = -3*r - 2730. Suppose -r = -4*z - 6*z. Suppose v - z = 17. List the prime factors of v.
2, 7
Let f(b) = b**3 - 11*b**2 - 48*b - 37. What are the prime factors of f(16)?
5, 19
Let z(f) = 9386*f + 512. What are the prime factors of z(2)?
2, 3, 1607
Let l = -110 + 331. What are the prime factors of 340 - ((-910)/l + (-2)/(-17))?
2, 43
Let a = -397 + 169. Suppose -5*f + 613 = -4*y, -62*f + 58*f = -4. Let m = y - a. List the prime factors of m.
2, 19
What are the prime factors of 8/4 + 0 + 1025 + 5?
2, 3, 43
Let q(s) = 2*s**3 + 33*s**2 + 33*s - 154. Let m(t) = t**3 + 17*t**2 + 17*t - 78. Let v(y) = -5*m(y) + 3*q(y). What are the prime factors of v(6)?
2, 3, 61
Let f(z) = 22*z**2 - 115*z - 1307. What are the prime factors of f(-20)?
7, 1399
Let j be (-12)/(-1 - -5) - -10. Suppose 301 = -0*w - j*w. Let n = w + 81. List the prime factors of n.
2, 19
Let f be ((-1347)/2)/((-3)/4). Suppose 2*y - 3*l = 737, 4*y - 611 - f = -l. List the prime factors of y.
2, 47
Let i(v) = -32*v**3 + 10*v**2 - 26*v**3 - 11*v**2 - 4*v + 32*v**3 + 2. List the prime factors of i(-3).
7, 101
Suppose 4*o - 8 = -0*x + 2*x, -3*o + 2*x + 5 = 0. Let l = o + 9. Suppose 4*v = l + 492. What are the prime factors of v?
2, 3, 7
Let w = -15154 - -31423. List the prime factors of w.
3, 11, 17, 29
List the prime factors of (-1590)/5*913/(-66).
53, 83
Let j(o) = o**3 - o**2 - o - 1699. Let r be j(0). Let z = r + 3136. List the prime factors of z.
3, 479
Suppose 5*q - 7979 = 4*l, -5*q + 7982 = -4*l - 3*q. Let b = l + 3049. What are the prime factors of b?
3, 13
Let m(c) = -16*c - 38. Let f = 23 - 33. Let k be m(f). Suppose 3*v + 3*r - k = r, 5*v = -2*r + 198. List the prime factors of v.
2, 19
List the prime factors of (3716 + -14)*13/2.
3, 13, 617
Let p be (-5 - -387) + (3 - 2). Suppose 4*t - p = 97. List the prime factors of t.
2, 3, 5
Let k be 3/5 + 8/20 - -3. Suppose -8 = 3*g + k*h, g - 1 = h - 13. What are the prime factors of (-446)/(-4) + (0 - 4/g)?
2, 7
Let c(q) = 3*q - 4. Let a be c(4). Let z(i) = 6*i**2 - 45*i + 114. Let k be z(10). What are the prime factors of (246/a)/(99/k)?
2, 41
Let t = -242 - -254. Suppose t*n + 5857 = 15577. List the prime factors of n.
2, 3, 5
Suppose 51*l - 56*l + 5*s + 2780 = 0, -4*s = -5*l + 2785. Suppose 2*o - 2*q - 951 = 195, o = -3*q + l. What are the prime factors of o?
2, 3, 5, 19
Let r be 1506*((-3)/(9/2) + 1). What are the prime factors of 1 + 1 + 0/(-7) + r?
2, 3, 7
Suppose 2*j - 2955 - 3091 = 0. Suppose 2*s = -5*o + 3468, 0 = 5*o - 2*s - 429 - j. List the prime factors of o.
2, 173
Suppose 804 = 5*b - 321. Suppose 0 = -s + 4*t + b, -s = 4*t - 352 + 127. List the prime factors of s.
3, 5
Let s be ((-4)/6)/(5 - 20403/4077). Let n = s - 58. What are the prime factors of n?
3, 31
Suppose p + 3*d = d + 10, 0 = -5*p - 2*d + 66. Suppose -1 = z - 3. Suppose z*l - 609 = -3*w, w - l - p = 189. List the prime factors of w.
7, 29
Suppose 0 = 11*t - 10*t - 450. Suppose 6*c + t = 1704. List the prime factors of c.
11, 19
Suppose 3 = 85*n - 84*n. Suppose -2*g + 130 = n*g. List the prime factors of g.
2, 13
Let s = 22226 + -11209. What are the prime factors of s?
23, 479
Let i(h) = 783*h + 6. Let a be i(1). Suppose a = 18*b - 327. What are the prime factors of b?
2, 31
Suppose -5*n = 10, -3*b + 24971 = -4*n + 1461. What are the prime factors of b?
2, 3917
Suppose 5*n + 190 = 4*b, 2*b - 110 = -0*n - 5*n. Let g be 6/27 + b/18. Suppose 2*c = x - 210, -6*x + g*c + 1029 = -x. What are the prime factors of x?
2, 3, 17
Let o = 6125 + 20779. List the prime factors of o.
2, 3, 19, 59
Suppose -t + 1072 = 2*g, 3*g - 820 - 787 = -2*t. What are the prime factors of g?
3, 179
What are the prime factors of (168/(-12) + 11)/(9/(-25167))?
8389
Suppose -2*z = 